 w?
3
Let i(f) = -f**3 + 7*f**2 + f + 7. Suppose a + 4*j = 2*j - 6, a = -5*j - 18. Suppose -d + 19 - 3 = 3*u, -3*d + a*u = -15. What are the prime factors of i(d)?
2, 7
Let n(r) = -3*r**2 + 4*r - 2*r**3 + r**2 + 0*r**2 - 4 + 3*r**3. List the prime factors of n(3).
17
Let n = 19 - -19. Let x = n - 76. Let t = x + 56. List the prime factors of t.
2, 3
Let p(w) = -w**2 + 5*w - 5 + 5. Let f be p(5). Suppose f = -5*d - 3*x + 24, -x + 9 = d + x. List the prime factors of d.
3
What are the prime factors of (-78)/(-15)*(-20)/(-8)?
13
Suppose 4*c - 346 = 2*h - 4*h, -5*c = h - 434. List the prime factors of c.
3, 29
Let r be 5 + -3 + 2/(-1). Suppose r*h - h = -3. Suppose 3*y - h*m - 21 = 0, -m - 4*m - 15 = 0. What are the prime factors of y?
2
Suppose 2*b + 2 = 10. Let s be (24/(-30))/(2/5). Let u = b + s. List the prime factors of u.
2
Let g be (51/(-12))/((-4)/32). Suppose -v + 0*b + g = 3*b, v + b - 24 = 0. List the prime factors of v.
19
What are the prime factors of (-2 + 1)*-3 + 58?
61
Let q be -18*3/(-8)*-4. What are the prime factors of -4*(-2)/((-12)/q)?
2, 3
Suppose -23*q + 14*q + 549 = 0. List the prime factors of q.
61
Suppose -7*b + 11*b - 16 = 0. What are the prime factors of b?
2
Let v(r) = -1 + 4 + 0*r - 2*r - 2*r. List the prime factors of v(-6).
3
Let o = -165 - -279. List the prime factors of o.
2, 3, 19
Let p(w) = w**2 + 2*w - 1. Let v be p(-3). Let h(z) = 5*z + 0 + 0. List the prime factors of h(v).
2, 5
Suppose r - 9*r = -592. What are the prime factors of r?
2, 37
Suppose -n + 4*n - 30 = 0. Let p = n + -8. What are the prime factors of p?
2
Let w be (-5 + 1)*11/4. Let g = 18 + w. What are the prime factors of g - 1 - (0 - 1)?
7
Let i = 17 - -65. List the prime factors of i.
2, 41
Suppose 0 = g - 7. What are the prime factors of g?
7
Suppose -2*m + m + 21 = 4*a, 9 = a + m. Let s(x) = -x**2 + 6*x - 3. List the prime factors of s(a).
5
Suppose -2*b + 23 = c, 0 = -3*c - 2*b - 3*b + 70. What are the prime factors of c?
5
Suppose j - 2*j = 3*a - 584, 5*j = a - 168. What are the prime factors of a?
193
Let b = 20 + 1. List the prime factors of b.
3, 7
Let i(a) = a + 8. Let y be i(-3). Suppose -2*h = -y*h + 54. What are the prime factors of h?
2, 3
What are the prime factors of (3 - (-28)/(-6))*-132?
2, 5, 11
Let t be (4 + -4)/(1*-1). Let w(r) = -r**2 - r + 12. Let h be w(t). Let v = 20 - h. List the prime factors of v.
2
What are the prime factors of -57*(21/(-9) + -4) - 1?
2, 3, 5
Suppose -a + 2*z = -2*z + 19, 0 = -a + 3*z - 15. Let l be a/(6/4 - 3). List the prime factors of (3 - (-7 - 1))*l.
2, 11
Suppose 0 = -2*k - 3*c - c + 288, 4*c = 2*k - 328. List the prime factors of k.
2, 7, 11
Suppose -4*l = -h - 21, 18 = 4*h - 2*h + 4*l. Let s = h - -4. What are the prime factors of s?
3
Let v be -1 + 0/(-1 - 0). Let l be 3*(v - (-10)/6). List the prime factors of (-4)/(-6)*9/l.
3
Let r be -1*(16 + 2 + -2). List the prime factors of 138/5 - r/40.
2, 7
Suppose -92*i - 726 = -94*i. What are the prime factors of i?
3, 11
Suppose -12 = -4*f - 4. What are the prime factors of f?
2
Let j(b) = -15*b**2 - 2*b. Let x be j(2). Let m = -45 - x. What are the prime factors of m?
19
Let o(k) = -5*k + 2*k - 1 + 5*k. List the prime factors of o(7).
13
Suppose 3*j - 179 = -5*s + 2*j, 5*s = -4*j + 176. What are the prime factors of s?
2, 3
Suppose 3*h = 8*h - 180. What are the prime factors of h?
2, 3
Let j = -27 - -51. List the prime factors of j.
2, 3
Let k(o) = 12*o - 4. Let s be k(14). Suppose -9*b + s = -5*b. What are the prime factors of b?
41
Let d(n) = 2*n**2 + 7*n - 14. What are the prime factors of d(-8)?
2, 29
Suppose -u = -3*k - 58, -5*u - 5*k + k + 385 = 0. Suppose -135 - u = -4*f. List the prime factors of f.
2, 13
Let h be ((-8)/12)/((-2)/(-6)). Let q be 1/(18/(-10) - h). Suppose -q*g + 20 = -0. List the prime factors of g.
2
Suppose 3*o = 2*o. Suppose 15 = -o*m + 3*m. What are the prime factors of m?
5
Let b(a) = 10*a - 3 - a - a**2 - a. Suppose -5*q + 1 = -4*v + 54, -3*v + 6 = 3*q. List the prime factors of b(v).
2
Let t = 0 + 2. Let d(q) = -3*q - 2 + 5*q + 1 + t*q. What are the prime factors of d(3)?
11
Let l = -6 - -10. Suppose -4*b = -4*z - 28, -3*b + 0*b = -l*z - 26. Suppose -7*a + 55 = -b*a. List the prime factors of a.
11
What are the prime factors of 1/(-3) + (-6 - (-289)/3)?
2, 3, 5
Let j(z) = 2*z - 9. Let c be j(6). Suppose 0 = 3*n + c - 9. List the prime factors of n.
2
Suppose 0 = 4*z + 10 + 6, 249 = l - 5*z. List the prime factors of l.
229
Let d(h) = -4*h + 79. What are the prime factors of d(-7)?
107
Suppose -12 = -0*f - 3*f. List the prime factors of 42/f + (-2)/(-4).
11
Let y(n) = n**3 - 2*n - 1. Let h be y(-1). Let x(c) = -8*c + h*c - 13*c. What are the prime factors of x(-1)?
3, 7
Suppose 2*j - 2*l + 5*l = 69, 4*l + 104 = 2*j. What are the prime factors of j?
2, 3, 7
What are the prime factors of (0 + 1 - -12) + 0?
13
Suppose -3*w = 5*s - 16, w + 5*s = 3*w - 19. List the prime factors of w.
7
Let h = 20 - 31. Let x = 1 - h. Suppose -2*d + 0*d = -x. List the prime factors of d.
2, 3
Suppose 5*t - 6*t = 4*o - 9, 4*t - 20 = 0. Let i = o + 1. Let p = i + 0. What are the prime factors of p?
2
Suppose 3*j - 2*d + d + 32 = 0, 2*d = -4*j - 56. List the prime factors of j*2*2/(-3).
2
Suppose -f - 5*d = -111, 333 = 3*f + d - 3*d. What are the prime factors of f?
3, 37
Suppose 2*r = 5*i + 5, 4*r + 1 = 4*i - 7. Let u = 4 - r. List the prime factors of u.
3
Let a = 27 - -23. List the prime factors of a.
2, 5
Let o = 18 - 16. Suppose 6*b - o*b = 120. What are the prime factors of b?
2, 3, 5
Let a = -1 - 2. Let r be (520/(-15))/(-4) + (-2)/(-6). Let n = r - a. What are the prime factors of n?
2, 3
List the prime factors of ((-5)/10)/((-1)/90).
3, 5
Suppose 9 = 3*z + 3*h, h + h = 4. Suppose -j + 4*j + 3 = 0, 3*j = a + z. What are the prime factors of 40/7 - a/14?
2, 3
Let c = 1 - 1. Let h(f) = f**3 - f**2 - f + 25. What are the prime factors of h(c)?
5
Suppose -5*x + k = -542, -2*x - 9*k + 220 = -11*k. What are the prime factors of x?
2, 3
Let q(g) = -2*g**3 + g**2 - 2. Suppose c + 17 = -5*h, 3*c - 3*h = -0 + 3. What are the prime factors of q(c)?
2, 3
Let n = 30 - 12. Let d = -11 + n. What are the prime factors of d?
7
Suppose -5*d + 6*d = 9. Suppose 4*q - 1 + d = 0. List the prime factors of 6*(8/(-6) - q).
2
List the prime factors of (14/(-35))/(2/(-160)).
2
Let s(z) = -z**3 - 15*z**2 + 13*z + 5. List the prime factors of s(-16).
53
Let m(q) = q**3 + 17*q**2 + 16*q + 8. Suppose 4*b + 4 = 0, 2*b + 66 = -t - 3*t. What are the prime factors of m(t)?
2
Let b(p) = -p**3 + 9*p**2 + 5*p - 2. What are the prime factors of b(9)?
43
Let k be 139/4 - 6/8. Suppose 3*z - 97 = -k. List the prime factors of z.
3, 7
Suppose -5*m - 15 = -5. What are the prime factors of 3 - -74*m/(-4)?
2, 5
Suppose 2*r + 2*v + 0 = -2, 0 = 3*v - 3. Let x be 1 - 4 - r/(-1). What are the prime factors of (-61)/x + (-2)/10?
2, 3
Suppose -5*q - 33 = -2*j + 1, 2*q = -3*j - 6. Let z = q - -3. List the prime factors of (z/2)/((-12)/64).
2
Let s = 20 + -8. Let w = -13 + 7. Let g = s + w. List the prime factors of g.
2, 3
Suppose c - 45 = -z, 0 = 3*c - 0*z - 3*z - 135. List the prime factors of c.
3, 5
Let b = 76 + -20. What are the prime factors of b?
2, 7
Let n be (-1)/(-2*1/48). Suppose 3*j = -3*u + n, 0 = j + 4*u - 5. What are the prime factors of j?
3
Let y(s) = -2*s - 3. Let j be y(4). Let g = j + 20. Suppose -l - 13 = 5*x + g, 2*x = -2*l - 4. What are the prime factors of l?
3
Suppose 4*p = -3*f + 174, 0*p + 3*f + 36 = p. What are the prime factors of p?
2, 3, 7
Suppose l = -2*l + 15. Suppose l*x - 30 - 65 = 0. What are the prime factors of x?
19
Let d = -16 + 23. Let q = -5 + d. Suppose 0 = m - 3 - q. List the prime factors of m.
5
Let g(q) = -q**3 - 4*q**2 - 4*q - 3. Let h be g(-2). List the prime factors of (72/(-2))/(h/2).
2, 3
Suppose 7 - 3 = g. Suppose 11 + 61 = g*s. List the prime factors of s.
2, 3
Let l = 1 + 4. Let n = l + -7. Let j = n - -10. What are the prime factors of j?
2
Let x be 1/1*-1 - -1. Suppose x*z + 108 = 4*z. List the prime factors of z.
3
Let r(f) = -f**2 + 5*f - 4. Let q be r(3). Suppose -5*w + 8 = -q. Suppose -5*o + 18 = -w*o. List the prime factors of o.
2, 3
List the prime factors of (-654)/4*14/(-21).
109
Let g(y) = y**2 + 11*y + 13. List 